[INFO] fetching crate include-sql 0.1.0...
[INFO] checking include-sql-0.1.0 against master#af3c6e733a40e671550e0f0f5aeecaa13772ba56 for pr-74989
[INFO] extracting crate include-sql 0.1.0 into /workspace/builds/worker-7/source
[INFO] validating manifest of crates.io crate include-sql 0.1.0 on toolchain af3c6e733a40e671550e0f0f5aeecaa13772ba56
[INFO] running `Command { std: "/workspace/cargo-home/bin/cargo" "+af3c6e733a40e671550e0f0f5aeecaa13772ba56" "read-manifest" "--manifest-path" "Cargo.toml", kill_on_drop: false }`
[INFO] started tweaking crates.io crate include-sql 0.1.0
[INFO] finished tweaking crates.io crate include-sql 0.1.0
[INFO] tweaked toml for crates.io crate include-sql 0.1.0 written to /workspace/builds/worker-7/source/Cargo.toml
[INFO] running `Command { std: "/workspace/cargo-home/bin/cargo" "+af3c6e733a40e671550e0f0f5aeecaa13772ba56" "generate-lockfile" "--manifest-path" "Cargo.toml" "-Zno-index-update", kill_on_drop: false }`
[INFO] running `Command { std: "/workspace/cargo-home/bin/cargo" "+af3c6e733a40e671550e0f0f5aeecaa13772ba56" "fetch" "--locked" "--manifest-path" "Cargo.toml", kill_on_drop: false }`
[INFO] [stderr]  Downloading crates ...
[INFO] [stderr]   Downloaded include-sql-helper v0.1.0
[INFO] [stderr]   Downloaded oci_rs v0.8.0
[INFO] [stderr]   Downloaded oracle v0.2.2
[INFO] running `Command { std: "docker" "create" "-v" "/var/lib/crater-agent-workspace/builds/worker-7/target:/opt/rustwide/target:rw,Z" "-v" "/var/lib/crater-agent-workspace/builds/worker-7/source:/opt/rustwide/workdir:ro,Z" "-v" "/var/lib/crater-agent-workspace/cargo-home:/opt/rustwide/cargo-home:ro,Z" "-v" "/var/lib/crater-agent-workspace/rustup-home:/opt/rustwide/rustup-home:ro,Z" "-e" "SOURCE_DIR=/opt/rustwide/workdir" "-e" "CARGO_TARGET_DIR=/opt/rustwide/target" "-e" "CARGO_HOME=/opt/rustwide/cargo-home" "-e" "RUSTUP_HOME=/opt/rustwide/rustup-home" "-w" "/opt/rustwide/workdir" "-m" "1610612736" "--user" "0:0" "--network" "none" "rustops/crates-build-env@sha256:d92eaeed33fa75130ca1ee6c8a01d1ffb62bac859dfdfb3450e3e5d1c0146529" "/opt/rustwide/cargo-home/bin/cargo" "+af3c6e733a40e671550e0f0f5aeecaa13772ba56" "metadata" "--no-deps" "--format-version=1", kill_on_drop: false }`
[INFO] [stdout] a698052257a049f14bfee7dd04357a142c9ab5fc7c7111d586363275b7c0d8d2
[INFO] [stderr] WARNING: Your kernel does not support swap limit capabilities or the cgroup is not mounted. Memory limited without swap.
[INFO] running `Command { std: "docker" "start" "-a" "a698052257a049f14bfee7dd04357a142c9ab5fc7c7111d586363275b7c0d8d2", kill_on_drop: false }`
[INFO] running `Command { std: "docker" "inspect" "a698052257a049f14bfee7dd04357a142c9ab5fc7c7111d586363275b7c0d8d2", kill_on_drop: false }`
[INFO] running `Command { std: "docker" "rm" "-f" "a698052257a049f14bfee7dd04357a142c9ab5fc7c7111d586363275b7c0d8d2", kill_on_drop: false }`
[INFO] [stdout] a698052257a049f14bfee7dd04357a142c9ab5fc7c7111d586363275b7c0d8d2
[INFO] running `Command { std: "docker" "create" "-v" "/var/lib/crater-agent-workspace/builds/worker-7/target:/opt/rustwide/target:rw,Z" "-v" "/var/lib/crater-agent-workspace/builds/worker-7/source:/opt/rustwide/workdir:ro,Z" "-v" "/var/lib/crater-agent-workspace/cargo-home:/opt/rustwide/cargo-home:ro,Z" "-v" "/var/lib/crater-agent-workspace/rustup-home:/opt/rustwide/rustup-home:ro,Z" "-e" "SOURCE_DIR=/opt/rustwide/workdir" "-e" "CARGO_TARGET_DIR=/opt/rustwide/target" "-e" "CARGO_INCREMENTAL=0" "-e" "RUST_BACKTRACE=full" "-e" "RUSTFLAGS=--cap-lints=forbid" "-e" "CARGO_HOME=/opt/rustwide/cargo-home" "-e" "RUSTUP_HOME=/opt/rustwide/rustup-home" "-w" "/opt/rustwide/workdir" "-m" "1610612736" "--user" "0:0" "--network" "none" "rustops/crates-build-env@sha256:d92eaeed33fa75130ca1ee6c8a01d1ffb62bac859dfdfb3450e3e5d1c0146529" "/opt/rustwide/cargo-home/bin/cargo" "+af3c6e733a40e671550e0f0f5aeecaa13772ba56" "check" "--frozen" "--all" "--all-targets" "--message-format=json", kill_on_drop: false }`
[INFO] [stdout] 23b3d6bdcdbf9873f84893d7d6d37e52050c9e4943be3cadf57bb9626ecbb7c3
[INFO] [stderr] WARNING: Your kernel does not support swap limit capabilities or the cgroup is not mounted. Memory limited without swap.
[INFO] running `Command { std: "docker" "start" "-a" "23b3d6bdcdbf9873f84893d7d6d37e52050c9e4943be3cadf57bb9626ecbb7c3", kill_on_drop: false }`
[INFO] [stderr]    Compiling libc v0.2.77
[INFO] [stderr]    Compiling memchr v2.3.3
[INFO] [stderr]    Compiling proc-macro2 v0.4.30
[INFO] [stderr]    Compiling autocfg v1.0.1
[INFO] [stderr]    Compiling byteorder v1.3.4
[INFO] [stderr]    Compiling syn v0.15.44
[INFO] [stderr]     Checking matches v0.1.8
[INFO] [stderr]     Checking tinyvec v0.3.4
[INFO] [stderr]    Compiling pkg-config v0.3.18
[INFO] [stderr]     Checking fallible-iterator v0.1.6
[INFO] [stderr]     Checking siphasher v0.2.3
[INFO] [stderr]     Checking unicode-xid v0.1.0
[INFO] [stderr]     Checking md5 v0.3.8
[INFO] [stderr]    Compiling cc v1.0.59
[INFO] [stderr]     Checking lazy_static v1.4.0
[INFO] [stderr]    Compiling log v0.4.11
[INFO] [stderr]     Checking regex-syntax v0.6.18
[INFO] [stderr]     Checking hex v0.2.0
[INFO] [stderr]     Checking linked-hash-map v0.5.3
[INFO] [stderr]     Checking include-sql-helper v0.1.0
[INFO] [stderr]     Checking try_from v0.2.2
[INFO] [stderr]     Checking string-error v0.1.0
[INFO] [stderr]     Checking block-buffer v0.3.3
[INFO] [stderr]    Compiling semver v0.6.0
[INFO] [stderr]     Checking unicode-bidi v0.3.4
[INFO] [stderr]     Checking thread_local v1.0.1
[INFO] [stderr]     Checking unicode-normalization v0.1.13
[INFO] [stderr]     Checking phf_shared v0.7.24
[INFO] [stderr]     Checking lru-cache v0.1.2
[INFO] [stderr]     Checking generic-array v0.9.0
[INFO] [stderr]     Checking phf v0.7.24
[INFO] [stderr]    Compiling build-helper v0.1.1
[INFO] [stderr]    Compiling num-traits v0.2.12
[INFO] [stderr]    Compiling num-integer v0.1.43
[INFO] [stderr]     Checking digest v0.7.6
[INFO] [stderr]     Checking crypto-mac v0.5.2
[INFO] [stderr]    Compiling aho-corasick v0.7.13
[INFO] [stderr]     Checking sha2 v0.7.1
[INFO] [stderr]    Compiling libsqlite3-sys v0.13.0
[INFO] [stderr]     Checking hmac v0.5.0
[INFO] [stderr]    Compiling oci_rs v0.8.0
[INFO] [stderr]    Compiling quote v0.6.13
[INFO] [stderr]     Checking base64 v0.6.0
[INFO] [stderr]     Checking iovec v0.1.4
[INFO] [stderr]     Checking rand v0.4.6
[INFO] [stderr]     Checking time v0.1.44
[INFO] [stderr]     Checking memchr v1.0.2
[INFO] [stderr]     Checking socket2 v0.3.15
[INFO] [stderr]     Checking stringprep v0.1.2
[INFO] [stderr]     Checking bytes v0.4.12
[INFO] [stderr]    Compiling oracle v0.2.2
[INFO] [stderr]     Checking rusqlite v0.17.0
[INFO] [stderr]     Checking rand v0.3.23
[INFO] [stderr]     Checking postgres-protocol v0.3.2
[INFO] [stderr]     Checking chrono v0.4.15
[INFO] [stderr]     Checking postgres-shared v0.4.2
[INFO] [stderr]    Compiling regex v1.3.9
[INFO] [stderr]     Checking postgres v0.15.2
[INFO] [stderr]     Checking include-sql v0.1.0 (/opt/rustwide/workdir)
[INFO] [stdout] error: No such file or directory (os error 2)
[INFO] [stdout]  --> tests/include-sql.rs:3:1
[INFO] [stdout]   |
[INFO] [stdout] 3 | include_sql!("proc-macro/tests/one_unnamed_stmt.sql",":");
[INFO] [stdout]   | ^^^^^^^^^^^^^^^^^^^^^^^^^^^^^^^^^^^^^^^^^^^^^^^^^^^^^^^^^^
[INFO] [stdout]   |
[INFO] [stdout]   = note: this error originates in a macro (in Nightly builds, run with -Z macro-backtrace for more info)
[INFO] [stdout] 
[INFO] [stdout] 
[INFO] [stdout] error: No such file or directory (os error 2)
[INFO] [stdout]  --> examples/oracle.rs:5:1
[INFO] [stdout]   |
[INFO] [stdout] 5 | include_sql!("proc-macro/examples/oracle.sql",":");
[INFO] [stdout]   | ^^^^^^^^^^^^^^^^^^^^^^^^^^^^^^^^^^^^^^^^^^^^^^^^^^^
[INFO] [stdout]   |
[INFO] [stdout]   = note: this error originates in a macro (in Nightly builds, run with -Z macro-backtrace for more info)
[INFO] [stdout] 
[INFO] [stdout] 
[INFO] [stdout] error: cannot find macro `using_insert_ship_args` in this scope
[INFO] [stdout]   --> examples/oracle.rs:13:31
[INFO] [stdout]    |
[INFO] [stdout] 13 |     conn.execute(INSERT_SHIP, using_insert_ship_args! {
[INFO] [stdout]    |                               ^^^^^^^^^^^^^^^^^^^^^^
[INFO] [stdout] 
[INFO] [stdout] 
[INFO] [stdout] error: cannot find macro `using_select_ship_by_name_args` in this scope
[INFO] [stdout]   --> examples/oracle.rs:17:92
[INFO] [stdout]    |
[INFO] [stdout] 17 |     let (ship_id, _year_launched) = conn.query_row_as::<(i32,String)>(SELECT_SHIP_BY_NAME, using_select_ship_by_name_args! {
[INFO] [stdout]    |                                                                                            ^^^^^^^^^^^^^^^^^^^^^^^^^^^^^^
[INFO] [stdout] 
[INFO] [stdout] 
[INFO] [stdout] error: cannot find macro `using_insert_sailor_args` in this scope
[INFO] [stdout]   --> examples/oracle.rs:21:18
[INFO] [stdout]    |
[INFO] [stdout] 21 |     stmt.execute(using_insert_sailor_args! {
[INFO] [stdout]    |                  ^^^^^^^^^^^^^^^^^^^^^^^^
[INFO] [stdout] 
[INFO] [stdout] 
[INFO] [stdout] error: cannot find macro `using_insert_sailor_args` in this scope
[INFO] [stdout]   --> examples/oracle.rs:26:18
[INFO] [stdout]    |
[INFO] [stdout] 26 |     stmt.execute(using_insert_sailor_args! {
[INFO] [stdout]    |                  ^^^^^^^^^^^^^^^^^^^^^^^^
[INFO] [stdout] 
[INFO] [stdout] 
[INFO] [stdout] error: cannot find macro `using_insert_sailor_args` in this scope
[INFO] [stdout]   --> examples/oracle.rs:31:18
[INFO] [stdout]    |
[INFO] [stdout] 31 |     stmt.execute(using_insert_sailor_args! {
[INFO] [stdout]    |                  ^^^^^^^^^^^^^^^^^^^^^^^^
[INFO] [stdout] 
[INFO] [stdout] 
[INFO] [stdout] error: cannot find macro `using_insert_sailor_args` in this scope
[INFO] [stdout]   --> examples/oracle.rs:36:18
[INFO] [stdout]    |
[INFO] [stdout] 36 |     stmt.execute(using_insert_sailor_args! {
[INFO] [stdout]    |                  ^^^^^^^^^^^^^^^^^^^^^^^^
[INFO] [stdout] 
[INFO] [stdout] 
[INFO] [stdout] error: cannot find macro `using_insert_sailor_args` in this scope
[INFO] [stdout]   --> examples/oracle.rs:41:18
[INFO] [stdout]    |
[INFO] [stdout] 41 |     stmt.execute(using_insert_sailor_args! {
[INFO] [stdout]    |                  ^^^^^^^^^^^^^^^^^^^^^^^^
[INFO] [stdout] 
[INFO] [stdout] 
[INFO] [stdout] error: cannot find macro `using_select_ship_crew_args` in this scope
[INFO] [stdout]   --> examples/oracle.rs:47:44
[INFO] [stdout]    |
[INFO] [stdout] 47 |     let res = conn.query(SELECT_SHIP_CREW, using_select_ship_crew_args! {
[INFO] [stdout]    |                                            ^^^^^^^^^^^^^^^^^^^^^^^^^^^
[INFO] [stdout] 
[INFO] [stdout] 
[INFO] [stdout] error: No such file or directory (os error 2)
[INFO] [stdout]   --> tests/include-sql.rs:13:1
[INFO] [stdout]    |
[INFO] [stdout] 13 | include_sql!("proc-macro/tests/named_statements.sql", ":");
[INFO] [stdout]    | ^^^^^^^^^^^^^^^^^^^^^^^^^^^^^^^^^^^^^^^^^^^^^^^^^^^^^^^^^^^
[INFO] [stdout]    |
[INFO] [stdout]    = note: this error originates in a macro (in Nightly builds, run with -Z macro-backtrace for more info)
[INFO] [stdout] 
[INFO] [stdout] 
[INFO] [stdout] error: No such file or directory (os error 2)
[INFO] [stdout]   --> tests/include-sql.rs:27:1
[INFO] [stdout]    |
[INFO] [stdout] 27 | include_sql!("proc-macro/tests/default_stmt.sql", ":");
[INFO] [stdout]    | ^^^^^^^^^^^^^^^^^^^^^^^^^^^^^^^^^^^^^^^^^^^^^^^^^^^^^^^
[INFO] [stdout]    |
[INFO] [stdout]    = note: this error originates in a macro (in Nightly builds, run with -Z macro-backtrace for more info)
[INFO] [stdout] 
[INFO] [stdout] 
[INFO] [stdout] error: No such file or directory (os error 2)
[INFO] [stdout]   --> tests/include-sql.rs:53:1
[INFO] [stdout]    |
[INFO] [stdout] 53 | include_sql!("proc-macro/tests/stmt_with_params.sql", ":");
[INFO] [stdout]    | ^^^^^^^^^^^^^^^^^^^^^^^^^^^^^^^^^^^^^^^^^^^^^^^^^^^^^^^^^^^
[INFO] [stdout]    |
[INFO] [stdout]    = note: this error originates in a macro (in Nightly builds, run with -Z macro-backtrace for more info)
[INFO] [stdout] 
[INFO] [stdout] 
[INFO] [stdout] error: No such file or directory (os error 2)
[INFO] [stdout]   --> tests/include-sql.rs:71:1
[INFO] [stdout]    |
[INFO] [stdout] 71 | include_sql!("proc-macro/tests/stmt_with_in_params.sql", ":");
[INFO] [stdout]    | ^^^^^^^^^^^^^^^^^^^^^^^^^^^^^^^^^^^^^^^^^^^^^^^^^^^^^^^^^^^^^^
[INFO] [stdout]    |
[INFO] [stdout]    = note: this error originates in a macro (in Nightly builds, run with -Z macro-backtrace for more info)
[INFO] [stdout] 
[INFO] [stdout] 
[INFO] [stdout] error: No such file or directory (os error 2)
[INFO] [stdout]  --> examples/sqlite.rs:5:1
[INFO] [stdout]   |
[INFO] [stdout] 5 | include_sql!("proc-macro/examples/sqlite.sql","?");
[INFO] [stdout]   | ^^^^^^^^^^^^^^^^^^^^^^^^^^^^^^^^^^^^^^^^^^^^^^^^^^^
[INFO] [stdout]   |
[INFO] [stdout]   = note: this error originates in a macro (in Nightly builds, run with -Z macro-backtrace for more info)
[INFO] [stdout] 
[INFO] [stdout] 
[INFO] [stdout] error: No such file or directory (os error 2)
[INFO] [stdout]  --> examples/oracle_oci.rs:4:1
[INFO] [stdout]   |
[INFO] [stdout] 4 | include_sql!("proc-macro/examples/oracle_oci.sql",":");
[INFO] [stdout]   | ^^^^^^^^^^^^^^^^^^^^^^^^^^^^^^^^^^^^^^^^^^^^^^^^^^^^^^^
[INFO] [stdout]   |
[INFO] [stdout]   = note: this error originates in a macro (in Nightly builds, run with -Z macro-backtrace for more info)
[INFO] [stdout] 
[INFO] [stdout] 
[INFO] [stdout] error: cannot find macro `insert_ship_args` in this scope
[INFO] [stdout]   --> examples/oracle_oci.rs:42:15
[INFO] [stdout]    |
[INFO] [stdout] 42 |     stmt.bind(insert_ship_args! {
[INFO] [stdout]    |               ^^^^^^^^^^^^^^^^
[INFO] [stdout] 
[INFO] [stdout] 
[INFO] [stdout] error: cannot find macro `select_ship_by_name_args` in this scope
[INFO] [stdout]   --> examples/oracle_oci.rs:52:15
[INFO] [stdout]    |
[INFO] [stdout] 52 |     stmt.bind(select_ship_by_name_args! {
[INFO] [stdout]    |               ^^^^^^^^^^^^^^^^^^^^^^^^
[INFO] [stdout] 
[INFO] [stdout] 
[INFO] [stdout] error: cannot find macro `insert_sailor_args` in this scope
[INFO] [stdout]   --> examples/oracle_oci.rs:70:15
[INFO] [stdout]    |
[INFO] [stdout] 70 |     stmt.bind(insert_sailor_args! {
[INFO] [stdout]    |               ^^^^^^^^^^^^^^^^^^
[INFO] [stdout] 
[INFO] [stdout] 
[INFO] [stdout] error: cannot find macro `insert_sailor_args` in this scope
[INFO] [stdout]   --> examples/oracle_oci.rs:76:15
[INFO] [stdout]    |
[INFO] [stdout] 76 |     stmt.bind(insert_sailor_args! {
[INFO] [stdout]    |               ^^^^^^^^^^^^^^^^^^
[INFO] [stdout] 
[INFO] [stdout] 
[INFO] [stdout] error: cannot find macro `insert_sailor_args` in this scope
[INFO] [stdout]   --> examples/oracle_oci.rs:82:15
[INFO] [stdout]    |
[INFO] [stdout] 82 |     stmt.bind(insert_sailor_args! {
[INFO] [stdout]    |               ^^^^^^^^^^^^^^^^^^
[INFO] [stdout] 
[INFO] [stdout] 
[INFO] [stdout] error: cannot find macro `insert_sailor_args` in this scope
[INFO] [stdout]   --> examples/oracle_oci.rs:88:15
[INFO] [stdout]    |
[INFO] [stdout] 88 |     stmt.bind(insert_sailor_args! {
[INFO] [stdout]    |               ^^^^^^^^^^^^^^^^^^
[INFO] [stdout] 
[INFO] [stdout] 
[INFO] [stdout] error: cannot find macro `insert_sailor_args` in this scope
[INFO] [stdout]   --> examples/oracle_oci.rs:94:15
[INFO] [stdout]    |
[INFO] [stdout] 94 |     stmt.bind(insert_sailor_args! {
[INFO] [stdout]    |               ^^^^^^^^^^^^^^^^^^
[INFO] [stdout] 
[INFO] [stdout] 
[INFO] [stdout] error: cannot find macro `select_ship_crew_args` in this scope
[INFO] [stdout]    --> examples/oracle_oci.rs:105:15
[INFO] [stdout]     |
[INFO] [stdout] 105 |     stmt.bind(select_ship_crew_args! {
[INFO] [stdout]     |               ^^^^^^^^^^^^^^^^^^^^^
[INFO] [stdout] 
[INFO] [stdout] 
[INFO] [stdout] error[E0425]: cannot find value `CREATE_TEST_TABLES` in this scope
[INFO] [stdout]   --> examples/oracle.rs:12:18
[INFO] [stdout]    |
[INFO] [stdout] 12 |     conn.execute(CREATE_TEST_TABLES, &[])?;
[INFO] [stdout]    |                  ^^^^^^^^^^^^^^^^^^ not found in this scope
[INFO] [stdout] 
[INFO] [stdout] 
[INFO] [stdout] error[E0425]: cannot find value `INSERT_SHIP` in this scope
[INFO] [stdout]   --> examples/oracle.rs:13:18
[INFO] [stdout]    |
[INFO] [stdout] 13 |     conn.execute(INSERT_SHIP, using_insert_ship_args! {
[INFO] [stdout]    |                  ^^^^^^^^^^^ not found in this scope
[INFO] [stdout] 
[INFO] [stdout] 
[INFO] [stdout] error[E0425]: cannot find value `SELECT_SHIP_BY_NAME` in this scope
[INFO] [stdout]   --> examples/oracle.rs:17:71
[INFO] [stdout]    |
[INFO] [stdout] 17 |     let (ship_id, _year_launched) = conn.query_row_as::<(i32,String)>(SELECT_SHIP_BY_NAME, using_select_ship_by_name_args! {
[INFO] [stdout]    |                                                                       ^^^^^^^^^^^^^^^^^^^ not found in this scope
[INFO] [stdout] 
[INFO] [stdout] 
[INFO] [stdout] error[E0425]: cannot find value `INSERT_SAILOR` in this scope
[INFO] [stdout]   --> examples/oracle.rs:20:33
[INFO] [stdout]    |
[INFO] [stdout] 20 |     let mut stmt = conn.prepare(INSERT_SAILOR, &[])?;
[INFO] [stdout]    |                                 ^^^^^^^^^^^^^ not found in this scope
[INFO] [stdout] 
[INFO] [stdout] 
[INFO] [stdout] error[E0425]: cannot find value `SELECT_SHIP_CREW` in this scope
[INFO] [stdout]   --> examples/oracle.rs:47:26
[INFO] [stdout]    |
[INFO] [stdout] 47 |     let res = conn.query(SELECT_SHIP_CREW, using_select_ship_crew_args! {
[INFO] [stdout]    |                          ^^^^^^^^^^^^^^^^ not found in this scope
[INFO] [stdout] 
[INFO] [stdout] 
[INFO] [stdout] error[E0422]: cannot find struct, variant or union type `SelectShipCrewByRank` in this scope
[INFO] [stdout]   --> examples/oracle.rs:52:23
[INFO] [stdout]    |
[INFO] [stdout] 52 |     let (sql, args) = SelectShipCrewByRank {
[INFO] [stdout]    |                       ^^^^^^^^^^^^^^^^^^^^ not found in this scope
[INFO] [stdout] 
[INFO] [stdout] 
[INFO] [stdout] error[E0422]: cannot find struct, variant or union type `SelectShipCrewByRank` in this scope
[INFO] [stdout]   --> examples/oracle.rs:60:23
[INFO] [stdout]    |
[INFO] [stdout] 60 |     let (sql, args) = SelectShipCrewByRank {
[INFO] [stdout]    |                       ^^^^^^^^^^^^^^^^^^^^ not found in this scope
[INFO] [stdout] 
[INFO] [stdout] 
[INFO] [stdout] warning: trait objects without an explicit `dyn` are deprecated
[INFO] [stdout]   --> examples/oracle.rs:54:34
[INFO] [stdout]    |
[INFO] [stdout] 54 |         ranks: &[ &"captain" as &ToSql, &"midshipman" ]
[INFO] [stdout]    |                                  ^^^^^ help: use `dyn`: `dyn ToSql`
[INFO] [stdout]    |
[INFO] [stdout]    = note: `#[warn(bare_trait_objects)]` on by default
[INFO] [stdout] 
[INFO] [stdout] 
[INFO] [stdout] warning: trait objects without an explicit `dyn` are deprecated
[INFO] [stdout]   --> examples/oracle.rs:62:33
[INFO] [stdout]    |
[INFO] [stdout] 62 |         ranks: &[ &"seaman" as &ToSql ]
[INFO] [stdout]    |                                 ^^^^^ help: use `dyn`: `dyn ToSql`
[INFO] [stdout] 
[INFO] [stdout] 
[INFO] [stdout] error: No such file or directory (os error 2)
[INFO] [stdout]  --> examples/pgsql.rs:5:1
[INFO] [stdout]   |
[INFO] [stdout] 5 | include_sql!("proc-macro/examples/pgsql.sql","$");
[INFO] [stdout]   | ^^^^^^^^^^^^^^^^^^^^^^^^^^^^^^^^^^^^^^^^^^^^^^^^^^
[INFO] [stdout]   |
[INFO] [stdout]   = note: this error originates in a macro (in Nightly builds, run with -Z macro-backtrace for more info)
[INFO] [stdout] 
[INFO] [stdout] 
[INFO] [stdout] error: cannot find macro `using_select_ship_by_name_args` in this scope
[INFO] [stdout]   --> examples/pgsql.rs:17:47
[INFO] [stdout]    |
[INFO] [stdout] 17 |     let res = conn.query(SELECT_SHIP_BY_NAME, using_select_ship_by_name_args! {
[INFO] [stdout]    |                                               ^^^^^^^^^^^^^^^^^^^^^^^^^^^^^^
[INFO] [stdout] 
[INFO] [stdout] 
[INFO] [stdout] error: cannot find macro `using_insert_ship_args` in this scope
[INFO] [stdout]   --> examples/pgsql.rs:23:43
[INFO] [stdout]    |
[INFO] [stdout] 23 |         let res = conn.query(INSERT_SHIP, using_insert_ship_args! {
[INFO] [stdout]    |                                           ^^^^^^^^^^^^^^^^^^^^^^
[INFO] [stdout] 
[INFO] [stdout] 
[INFO] [stdout] error: cannot find macro `using_insert_sailor_args` in this scope
[INFO] [stdout]   --> examples/pgsql.rs:32:22
[INFO] [stdout]    |
[INFO] [stdout] 32 |         stmt.execute(using_insert_sailor_args! {
[INFO] [stdout]    |                      ^^^^^^^^^^^^^^^^^^^^^^^^
[INFO] [stdout] 
[INFO] [stdout] 
[INFO] [stdout] error: cannot find macro `using_insert_sailor_args` in this scope
[INFO] [stdout]   --> examples/pgsql.rs:37:22
[INFO] [stdout]    |
[INFO] [stdout] 37 |         stmt.execute(using_insert_sailor_args! {
[INFO] [stdout]    |                      ^^^^^^^^^^^^^^^^^^^^^^^^
[INFO] [stdout] 
[INFO] [stdout] 
[INFO] [stdout] error: cannot find macro `using_insert_sailor_args` in this scope
[INFO] [stdout]   --> examples/pgsql.rs:42:22
[INFO] [stdout]    |
[INFO] [stdout] 42 |         stmt.execute(using_insert_sailor_args! {
[INFO] [stdout]    |                      ^^^^^^^^^^^^^^^^^^^^^^^^
[INFO] [stdout] 
[INFO] [stdout] 
[INFO] [stdout] error: cannot find macro `using_insert_sailor_args` in this scope
[INFO] [stdout]   --> examples/pgsql.rs:47:22
[INFO] [stdout]    |
[INFO] [stdout] 47 |         stmt.execute(using_insert_sailor_args! {
[INFO] [stdout]    |                      ^^^^^^^^^^^^^^^^^^^^^^^^
[INFO] [stdout] 
[INFO] [stdout] 
[INFO] [stdout] error: cannot find macro `using_insert_sailor_args` in this scope
[INFO] [stdout]   --> examples/pgsql.rs:52:22
[INFO] [stdout]    |
[INFO] [stdout] 52 |         stmt.execute(using_insert_sailor_args! {
[INFO] [stdout]    |                      ^^^^^^^^^^^^^^^^^^^^^^^^
[INFO] [stdout] 
[INFO] [stdout] 
[INFO] [stdout] error: cannot find macro `using_select_ship_crew_args` in this scope
[INFO] [stdout]   --> examples/pgsql.rs:64:44
[INFO] [stdout]    |
[INFO] [stdout] 64 |     let res = conn.query(SELECT_SHIP_CREW, using_select_ship_crew_args! {
[INFO] [stdout]    |                                            ^^^^^^^^^^^^^^^^^^^^^^^^^^^
[INFO] [stdout] 
[INFO] [stdout] 
[INFO] [stdout] error[E0425]: cannot find value `ONE_UNNAMED_STMT` in this scope
[INFO] [stdout]  --> tests/include-sql.rs:9:29
[INFO] [stdout]   |
[INFO] [stdout] 9 |         collapce_whitespace(ONE_UNNAMED_STMT)
[INFO] [stdout]   |                             ^^^^^^^^^^^^^^^^ not found in this scope
[INFO] [stdout] 
[INFO] [stdout] 
[INFO] [stdout] error[E0425]: cannot find value `CREATE_TABLE_SHIPS` in this scope
[INFO] [stdout]   --> examples/pgsql.rs:14:18
[INFO] [stdout]    |
[INFO] [stdout] 14 |     conn.execute(CREATE_TABLE_SHIPS, NO_ARGS)?;
[INFO] [stdout]    |                  ^^^^^^^^^^^^^^^^^^ not found in this scope
[INFO] [stdout] 
[INFO] [stdout] 
[INFO] [stdout] error[E0425]: cannot find value `DUAL_OUTPUT` in this scope
[INFO] [stdout]   --> tests/include-sql.rs:19:29
[INFO] [stdout]    |
[INFO] [stdout] 19 |         collapce_whitespace(DUAL_OUTPUT)
[INFO] [stdout]    |                             ^^^^^^^^^^^ not found in this scope
[INFO] [stdout] 
[INFO] [stdout] 
[INFO] [stdout] error[E0425]: cannot find value `USER_TABLES_COUNT` in this scope
[INFO] [stdout]   --> tests/include-sql.rs:23:29
[INFO] [stdout]    |
[INFO] [stdout] 23 |         collapce_whitespace(USER_TABLES_COUNT)
[INFO] [stdout]    |                             ^^^^^^^^^^^^^^^^^ not found in this scope
[INFO] [stdout] 
[INFO] [stdout] 
[INFO] [stdout] error[E0425]: cannot find value `DEFAULT_STMT` in this scope
[INFO] [stdout]   --> tests/include-sql.rs:33:29
[INFO] [stdout]    |
[INFO] [stdout] 33 |         collapce_whitespace(DEFAULT_STMT)
[INFO] [stdout]    |                             ^^^^^^^^^^^^ not found in this scope
[INFO] [stdout] 
[INFO] [stdout] 
[INFO] [stdout] error[E0425]: cannot find value `COUNT_TABLES` in this scope
[INFO] [stdout]   --> tests/include-sql.rs:37:29
[INFO] [stdout]    |
[INFO] [stdout] 37 |         collapce_whitespace(COUNT_TABLES)
[INFO] [stdout]    |                             ^^^^^^^^^^^^ not found in this scope
[INFO] [stdout] 
[INFO] [stdout] 
[INFO] [stdout] error[E0425]: cannot find value `SELECT_INVALID_OBJECTS` in this scope
[INFO] [stdout]   --> tests/include-sql.rs:59:29
[INFO] [stdout]    |
[INFO] [stdout] 59 |         collapce_whitespace(SELECT_INVALID_OBJECTS)
[INFO] [stdout]    |                             ^^^^^^^^^^^^^^^^^^^^^^ not found in this scope
[INFO] [stdout] 
[INFO] [stdout] 
[INFO] [stdout] error[E0422]: cannot find struct, variant or union type `SelectInvalidObjects` in this scope
[INFO] [stdout]   --> tests/include-sql.rs:61:16
[INFO] [stdout]    |
[INFO] [stdout] 61 |     let args = SelectInvalidObjects {
[INFO] [stdout]    |                ^^^^^^^^^^^^^^^^^^^^ not found in this scope
[INFO] [stdout] 
[INFO] [stdout] 
[INFO] [stdout] error[E0425]: cannot find value `SELECT_OBJECTS_BY_TYPE` in this scope
[INFO] [stdout]   --> tests/include-sql.rs:77:29
[INFO] [stdout]    |
[INFO] [stdout] 77 |         collapce_whitespace(SELECT_OBJECTS_BY_TYPE)
[INFO] [stdout]    |                             ^^^^^^^^^^^^^^^^^^^^^^ not found in this scope
[INFO] [stdout] 
[INFO] [stdout] 
[INFO] [stdout] error[E0425]: cannot find value `CREATE_TABLE_SAILORS` in this scope
[INFO] [stdout]   --> examples/pgsql.rs:15:18
[INFO] [stdout]    |
[INFO] [stdout] 15 |     conn.execute(CREATE_TABLE_SAILORS, NO_ARGS)?;
[INFO] [stdout]    |                  ^^^^^^^^^^^^^^^^^^^^ not found in this scope
[INFO] [stdout] 
[INFO] [stdout] 
[INFO] [stdout] error[E0422]: cannot find struct, variant or union type `SelectObjectsByType` in this scope
[INFO] [stdout]   --> tests/include-sql.rs:80:23
[INFO] [stdout]    |
[INFO] [stdout] 80 |     let (sql, args) = SelectObjectsByType {
[INFO] [stdout]    |                       ^^^^^^^^^^^^^^^^^^^ not found in this scope
[INFO] [stdout] 
[INFO] [stdout] 
[INFO] [stdout] error[E0425]: cannot find value `SELECT_SHIP_BY_NAME` in this scope
[INFO] [stdout]   --> examples/pgsql.rs:17:26
[INFO] [stdout]    |
[INFO] [stdout] 17 |     let res = conn.query(SELECT_SHIP_BY_NAME, using_select_ship_by_name_args! {
[INFO] [stdout]    |                          ^^^^^^^^^^^^^^^^^^^ not found in this scope
[INFO] [stdout] 
[INFO] [stdout] 
[INFO] [stdout] error[E0425]: cannot find value `INSERT_SHIP` in this scope
[INFO] [stdout]   --> examples/pgsql.rs:23:30
[INFO] [stdout]    |
[INFO] [stdout] 23 |         let res = conn.query(INSERT_SHIP, using_insert_ship_args! {
[INFO] [stdout]    |                              ^^^^^^^^^^^ not found in this scope
[INFO] [stdout] 
[INFO] [stdout] 
[INFO] [stdout] error[E0425]: cannot find value `INSERT_SAILOR` in this scope
[INFO] [stdout]   --> examples/pgsql.rs:31:33
[INFO] [stdout]    |
[INFO] [stdout] 31 |         let stmt = conn.prepare(INSERT_SAILOR)?;
[INFO] [stdout]    |                                 ^^^^^^^^^^^^^ not found in this scope
[INFO] [stdout] 
[INFO] [stdout] 
[INFO] [stdout] error[E0425]: cannot find value `SELECT_SHIP_CREW` in this scope
[INFO] [stdout]   --> examples/pgsql.rs:64:26
[INFO] [stdout]    |
[INFO] [stdout] 64 |     let res = conn.query(SELECT_SHIP_CREW, using_select_ship_crew_args! {
[INFO] [stdout]    |                          ^^^^^^^^^^^^^^^^ not found in this scope
[INFO] [stdout] 
[INFO] [stdout] 
[INFO] [stdout] error[E0422]: cannot find struct, variant or union type `SelectShipCrewByRank` in this scope
[INFO] [stdout]   --> examples/pgsql.rs:71:23
[INFO] [stdout]    |
[INFO] [stdout] 71 |     let (sql, args) = SelectShipCrewByRank {
[INFO] [stdout]    |                       ^^^^^^^^^^^^^^^^^^^^ not found in this scope
[INFO] [stdout] 
[INFO] [stdout] 
[INFO] [stdout] error[E0422]: cannot find struct, variant or union type `SelectShipCrewByRank` in this scope
[INFO] [stdout]   --> examples/pgsql.rs:79:23
[INFO] [stdout]    |
[INFO] [stdout] 79 |     let (sql, args) = SelectShipCrewByRank {
[INFO] [stdout]    |                       ^^^^^^^^^^^^^^^^^^^^ not found in this scope
[INFO] [stdout] 
[INFO] [stdout] 
[INFO] [stdout] warning: trait objects without an explicit `dyn` are deprecated
[INFO] [stdout]   --> tests/include-sql.rs:81:42
[INFO] [stdout]    |
[INFO] [stdout] 81 |         object_types: &[ &"FUNCTION" as &ToSql, &"TRIGGER" ],
[INFO] [stdout]    |                                          ^^^^^ help: use `dyn`: `dyn ToSql`
[INFO] [stdout]    |
[INFO] [stdout]    = note: `#[warn(bare_trait_objects)]` on by default
[INFO] [stdout] 
[INFO] [stdout] 
[INFO] [stdout] warning: trait objects without an explicit `dyn` are deprecated
[INFO] [stdout]   --> examples/pgsql.rs:73:34
[INFO] [stdout]    |
[INFO] [stdout] 73 |         ranks: &[ &"captain" as &ToSql, &"midshipman" ]
[INFO] [stdout]    |                                  ^^^^^ help: use `dyn`: `dyn ToSql`
[INFO] [stdout]    |
[INFO] [stdout]    = note: `#[warn(bare_trait_objects)]` on by default
[INFO] [stdout] 
[INFO] [stdout] 
[INFO] [stdout] warning: trait objects without an explicit `dyn` are deprecated
[INFO] [stdout]   --> examples/pgsql.rs:81:33
[INFO] [stdout]    |
[INFO] [stdout] 81 |         ranks: &[ &"seaman" as &ToSql ]
[INFO] [stdout]    |                                 ^^^^^ help: use `dyn`: `dyn ToSql`
[INFO] [stdout] 
[INFO] [stdout] 
[INFO] [stdout] error[E0425]: cannot find value `CREATE_TABLE_SHIPS` in this scope
[INFO] [stdout]   --> examples/sqlite.rs:17:18
[INFO] [stdout]    |
[INFO] [stdout] 17 |     conn.execute(CREATE_TABLE_SHIPS, NO_PARAMS)?;
[INFO] [stdout]    |                  ^^^^^^^^^^^^^^^^^^ not found in this scope
[INFO] [stdout] 
[INFO] [stdout] 
[INFO] [stdout] error[E0425]: cannot find value `CREATE_TABLE_SAILORS` in this scope
[INFO] [stdout]   --> examples/sqlite.rs:18:18
[INFO] [stdout]    |
[INFO] [stdout] 18 |     conn.execute(CREATE_TABLE_SAILORS, NO_PARAMS)?;
[INFO] [stdout]    |                  ^^^^^^^^^^^^^^^^^^^^ not found in this scope
[INFO] [stdout] 
[INFO] [stdout] 
[INFO] [stdout] error[E0425]: cannot find value `INSERT_SHIP` in this scope
[INFO] [stdout]   --> examples/sqlite.rs:20:33
[INFO] [stdout]    |
[INFO] [stdout] 20 |     let mut stmt = conn.prepare(INSERT_SHIP)?;
[INFO] [stdout]    |                                 ^^^^^^^^^^^ not found in this scope
[INFO] [stdout] 
[INFO] [stdout] 
[INFO] [stdout] error[E0422]: cannot find struct, variant or union type `InsertShip` in this scope
[INFO] [stdout]   --> examples/sqlite.rs:21:18
[INFO] [stdout]    |
[INFO] [stdout] 21 |     stmt.execute(InsertShip {
[INFO] [stdout]    |                  ^^^^^^^^^^ not found in this scope
[INFO] [stdout] 
[INFO] [stdout] 
[INFO] [stdout] error[E0425]: cannot find value `INSERT_SAILOR` in this scope
[INFO] [stdout]   --> examples/sqlite.rs:29:33
[INFO] [stdout]    |
[INFO] [stdout] 29 |     let mut stmt = conn.prepare(INSERT_SAILOR)?;
[INFO] [stdout]    |                                 ^^^^^^^^^^^^^ not found in this scope
[INFO] [stdout] 
[INFO] [stdout] 
[INFO] [stdout] error[E0422]: cannot find struct, variant or union type `InsertSailor` in this scope
[INFO] [stdout]   --> examples/sqlite.rs:30:18
[INFO] [stdout]    |
[INFO] [stdout] 30 |     stmt.execute(InsertSailor {
[INFO] [stdout]    |                  ^^^^^^^^^^^^ not found in this scope
[INFO] [stdout] 
[INFO] [stdout] 
[INFO] [stdout] error[E0422]: cannot find struct, variant or union type `InsertSailor` in this scope
[INFO] [stdout]   --> examples/sqlite.rs:35:18
[INFO] [stdout]    |
[INFO] [stdout] 35 |     stmt.execute(InsertSailor {
[INFO] [stdout]    |                  ^^^^^^^^^^^^ not found in this scope
[INFO] [stdout] 
[INFO] [stdout] 
[INFO] [stdout] error[E0422]: cannot find struct, variant or union type `InsertSailor` in this scope
[INFO] [stdout]   --> examples/sqlite.rs:40:18
[INFO] [stdout]    |
[INFO] [stdout] 40 |     stmt.execute(InsertSailor {
[INFO] [stdout]    |                  ^^^^^^^^^^^^ not found in this scope
[INFO] [stdout] 
[INFO] [stdout] 
[INFO] [stdout] error[E0422]: cannot find struct, variant or union type `InsertSailor` in this scope
[INFO] [stdout]   --> examples/sqlite.rs:45:18
[INFO] [stdout]    |
[INFO] [stdout] 45 |     stmt.execute(InsertSailor {
[INFO] [stdout]    |                  ^^^^^^^^^^^^ not found in this scope
[INFO] [stdout] 
[INFO] [stdout] 
[INFO] [stdout] error[E0422]: cannot find struct, variant or union type `InsertSailor` in this scope
[INFO] [stdout]   --> examples/sqlite.rs:50:18
[INFO] [stdout]    |
[INFO] [stdout] 50 |     stmt.execute(InsertSailor {
[INFO] [stdout]    |                  ^^^^^^^^^^^^ not found in this scope
[INFO] [stdout] 
[INFO] [stdout] 
[INFO] [stdout] error[E0425]: cannot find value `SELECT_SHIP_CREW` in this scope
[INFO] [stdout]   --> examples/sqlite.rs:56:33
[INFO] [stdout]    |
[INFO] [stdout] 56 |     let mut stmt = conn.prepare(SELECT_SHIP_CREW)?;
[INFO] [stdout]    |                                 ^^^^^^^^^^^^^^^^ not found in this scope
[INFO] [stdout] 
[INFO] [stdout] 
[INFO] [stdout] error[E0422]: cannot find struct, variant or union type `SelectShipCrew` in this scope
[INFO] [stdout]   --> examples/sqlite.rs:57:31
[INFO] [stdout]    |
[INFO] [stdout] 57 |     let iter = stmt.query_map(SelectShipCrew {
[INFO] [stdout]    |                               ^^^^^^^^^^^^^^ not found in this scope
[INFO] [stdout] 
[INFO] [stdout] 
[INFO] [stdout] error[E0422]: cannot find struct, variant or union type `SelectShipCrewByRank` in this scope
[INFO] [stdout]   --> examples/sqlite.rs:77:23
[INFO] [stdout]    |
[INFO] [stdout] 77 |     let (sql, args) = SelectShipCrewByRank {
[INFO] [stdout]    |                       ^^^^^^^^^^^^^^^^^^^^ not found in this scope
[INFO] [stdout] 
[INFO] [stdout] 
[INFO] [stdout] error[E0422]: cannot find struct, variant or union type `SelectShipCrewByRank` in this scope
[INFO] [stdout]   --> examples/sqlite.rs:99:23
[INFO] [stdout]    |
[INFO] [stdout] 99 |     let (sql, args) = SelectShipCrewByRank {
[INFO] [stdout]    |                       ^^^^^^^^^^^^^^^^^^^^ not found in this scope
[INFO] [stdout] 
[INFO] [stdout] 
[INFO] [stdout] warning: trait objects without an explicit `dyn` are deprecated
[INFO] [stdout]   --> examples/sqlite.rs:79:34
[INFO] [stdout]    |
[INFO] [stdout] 79 |         ranks: &[ &"captain" as &ToSql, &"midshipman" ]
[INFO] [stdout]    |                                  ^^^^^ help: use `dyn`: `dyn ToSql`
[INFO] [stdout]    |
[INFO] [stdout]    = note: `#[warn(bare_trait_objects)]` on by default
[INFO] [stdout] 
[INFO] [stdout] 
[INFO] [stdout] warning: trait objects without an explicit `dyn` are deprecated
[INFO] [stdout]    --> examples/sqlite.rs:101:33
[INFO] [stdout]     |
[INFO] [stdout] 101 |         ranks: &[ &"seaman" as &ToSql ]
[INFO] [stdout]     |                                 ^^^^^ help: use `dyn`: `dyn ToSql`
[INFO] [stdout] 
[INFO] [stdout] 
[INFO] [stdout] error[E0425]: cannot find value `CREATE_TEST_TABLES` in this scope
[INFO] [stdout]   --> examples/oracle_oci.rs:35:51
[INFO] [stdout]    |
[INFO] [stdout] 35 |     let mut stmt = conn.create_prepared_statement(CREATE_TEST_TABLES)?;
[INFO] [stdout]    |                                                   ^^^^^^^^^^^^^^^^^^ not found in this scope
[INFO] [stdout] 
[INFO] [stdout] 
[INFO] [stdout] error[E0425]: cannot find value `INSERT_SHIP` in this scope
[INFO] [stdout]   --> examples/oracle_oci.rs:41:51
[INFO] [stdout]    |
[INFO] [stdout] 41 |     let mut stmt = conn.create_prepared_statement(INSERT_SHIP)?;
[INFO] [stdout]    |                                                   ^^^^^^^^^^^ not found in this scope
[INFO] [stdout] 
[INFO] [stdout] 
[INFO] [stdout] error[E0425]: cannot find value `SELECT_SHIP_BY_NAME` in this scope
[INFO] [stdout]   --> examples/oracle_oci.rs:51:51
[INFO] [stdout]    |
[INFO] [stdout] 51 |     let mut stmt = conn.create_prepared_statement(SELECT_SHIP_BY_NAME)?;
[INFO] [stdout]    |                                                   ^^^^^^^^^^^^^^^^^^^ not found in this scope
[INFO] [stdout] 
[INFO] [stdout] 
[INFO] [stdout] error[E0425]: cannot find value `INSERT_SAILOR` in this scope
[INFO] [stdout]   --> examples/oracle_oci.rs:69:51
[INFO] [stdout]    |
[INFO] [stdout] 69 |     let mut stmt = conn.create_prepared_statement(INSERT_SAILOR)?;
[INFO] [stdout]    |                                                   ^^^^^^^^^^^^^ not found in this scope
[INFO] [stdout] 
[INFO] [stdout] 
[INFO] [stdout] error[E0425]: cannot find value `SELECT_SHIP_CREW` in this scope
[INFO] [stdout]    --> examples/oracle_oci.rs:104:51
[INFO] [stdout]     |
[INFO] [stdout] 104 |     let mut stmt = conn.create_prepared_statement(SELECT_SHIP_CREW)?;
[INFO] [stdout]     |                                                   ^^^^^^^^^^^^^^^^ not found in this scope
[INFO] [stdout] 
[INFO] [stdout] 
[INFO] [stdout] error[E0422]: cannot find struct, variant or union type `SelectShipCrewByRank` in this scope
[INFO] [stdout]    --> examples/oracle_oci.rs:114:23
[INFO] [stdout]     |
[INFO] [stdout] 114 |     let (sql, args) = SelectShipCrewByRank {
[INFO] [stdout]     |                       ^^^^^^^^^^^^^^^^^^^^ not found in this scope
[INFO] [stdout] 
[INFO] [stdout] 
[INFO] [stdout] error[E0422]: cannot find struct, variant or union type `SelectShipCrewByRank` in this scope
[INFO] [stdout]    --> examples/oracle_oci.rs:127:23
[INFO] [stdout]     |
[INFO] [stdout] 127 |     let (sql, args) = SelectShipCrewByRank {
[INFO] [stdout]     |                       ^^^^^^^^^^^^^^^^^^^^ not found in this scope
[INFO] [stdout] 
[INFO] [stdout] 
[INFO] [stdout] warning: trait objects without an explicit `dyn` are deprecated
[INFO] [stdout]    --> examples/oracle_oci.rs:116:34
[INFO] [stdout]     |
[INFO] [stdout] 116 |         ranks: &[ &"captain" as &ToSql, &"midshipman" ]
[INFO] [stdout]     |                                  ^^^^^ help: use `dyn`: `dyn ToSql`
[INFO] [stdout]     |
[INFO] [stdout]     = note: `#[warn(bare_trait_objects)]` on by default
[INFO] [stdout] 
[INFO] [stdout] 
[INFO] [stdout] warning: trait objects without an explicit `dyn` are deprecated
[INFO] [stdout]    --> examples/oracle_oci.rs:129:33
[INFO] [stdout]     |
[INFO] [stdout] 129 |         ranks: &[ &"seaman" as &ToSql ]
[INFO] [stdout]     |                                 ^^^^^ help: use `dyn`: `dyn ToSql`
[INFO] [stdout] 
[INFO] [stdout] 
[INFO] [stdout] error[E0277]: the size for values of type `str` cannot be known at compilation time
[INFO] [stdout]   --> examples/pgsql.rs:71:10
[INFO] [stdout]    |
[INFO] [stdout] 71 |     let (sql, args) = SelectShipCrewByRank {
[INFO] [stdout]    |          ^^^ doesn't have a size known at compile-time
[INFO] [stdout]    |
[INFO] [stdout]    = help: the trait `Sized` is not implemented for `str`
[INFO] [stdout]    = note: all local variables must have a statically known size
[INFO] [stdout]    = help: unsized locals are gated as an unstable feature
[INFO] [stdout] 
[INFO] [stdout] 
[INFO] [stdout] error[E0277]: the size for values of type `[&dyn ToSql]` cannot be known at compilation time
[INFO] [stdout]   --> examples/pgsql.rs:71:15
[INFO] [stdout]    |
[INFO] [stdout] 71 |     let (sql, args) = SelectShipCrewByRank {
[INFO] [stdout]    |               ^^^^ doesn't have a size known at compile-time
[INFO] [stdout]    |
[INFO] [stdout]    = help: the trait `Sized` is not implemented for `[&dyn ToSql]`
[INFO] [stdout]    = note: all local variables must have a statically known size
[INFO] [stdout]    = help: unsized locals are gated as an unstable feature
[INFO] [stdout] 
[INFO] [stdout] 
[INFO] [stdout] error[E0277]: the size for values of type `str` cannot be known at compilation time
[INFO] [stdout]   --> examples/pgsql.rs:79:10
[INFO] [stdout]    |
[INFO] [stdout] 79 |     let (sql, args) = SelectShipCrewByRank {
[INFO] [stdout]    |          ^^^ doesn't have a size known at compile-time
[INFO] [stdout]    |
[INFO] [stdout]    = help: the trait `Sized` is not implemented for `str`
[INFO] [stdout]    = note: all local variables must have a statically known size
[INFO] [stdout]    = help: unsized locals are gated as an unstable feature
[INFO] [stdout] 
[INFO] [stdout] 
[INFO] [stdout] error[E0277]: the size for values of type `str` cannot be known at compilation time
[INFO] [stdout]   --> examples/oracle.rs:52:10
[INFO] [stdout]    |
[INFO] [stdout] 52 |     let (sql, args) = SelectShipCrewByRank {
[INFO] [stdout]    |          ^^^ doesn't have a size known at compile-time
[INFO] [stdout]    |
[INFO] [stdout]    = help: the trait `Sized` is not implemented for `str`
[INFO] [stdout]    = note: all local variables must have a statically known size
[INFO] [stdout]    = help: unsized locals are gated as an unstable feature
[INFO] [stdout] 
[INFO] [stdout] 
[INFO] [stdout] error[E0277]: the size for values of type `[&dyn ToSql]` cannot be known at compilation time
[INFO] [stdout]   --> examples/oracle.rs:52:15
[INFO] [stdout]    |
[INFO] [stdout] 52 |     let (sql, args) = SelectShipCrewByRank {
[INFO] [stdout]    |               ^^^^ doesn't have a size known at compile-time
[INFO] [stdout]    |
[INFO] [stdout]    = help: the trait `Sized` is not implemented for `[&dyn ToSql]`
[INFO] [stdout]    = note: all local variables must have a statically known size
[INFO] [stdout]    = help: unsized locals are gated as an unstable feature
[INFO] [stdout] 
[INFO] [stdout] 
[INFO] [stdout] error[E0277]: the size for values of type `[&dyn ToSql]` cannot be known at compilation time
[INFO] [stdout]   --> examples/pgsql.rs:79:15
[INFO] [stdout]    |
[INFO] [stdout] 79 |     let (sql, args) = SelectShipCrewByRank {
[INFO] [stdout]    |               ^^^^ doesn't have a size known at compile-time
[INFO] [stdout]    |
[INFO] [stdout]    = help: the trait `Sized` is not implemented for `[&dyn ToSql]`
[INFO] [stdout]    = note: all local variables must have a statically known size
[INFO] [stdout]    = help: unsized locals are gated as an unstable feature
[INFO] [stdout] 
[INFO] [stdout] 
[INFO] [stdout] error[E0277]: the size for values of type `str` cannot be known at compilation time
[INFO] [stdout]   --> examples/oracle.rs:60:10
[INFO] [stdout]    |
[INFO] [stdout] 60 |     let (sql, args) = SelectShipCrewByRank {
[INFO] [stdout]    |          ^^^ doesn't have a size known at compile-time
[INFO] [stdout]    |
[INFO] [stdout]    = help: the trait `Sized` is not implemented for `str`
[INFO] [stdout]    = note: all local variables must have a statically known size
[INFO] [stdout]    = help: unsized locals are gated as an unstable feature
[INFO] [stdout] 
[INFO] [stdout] 
[INFO] [stdout] error[E0277]: the size for values of type `[&dyn ToSql]` cannot be known at compilation time
[INFO] [stdout]   --> examples/oracle.rs:60:15
[INFO] [stdout]    |
[INFO] [stdout] 60 |     let (sql, args) = SelectShipCrewByRank {
[INFO] [stdout]    |               ^^^^ doesn't have a size known at compile-time
[INFO] [stdout]    |
[INFO] [stdout]    = help: the trait `Sized` is not implemented for `[&dyn ToSql]`
[INFO] [stdout]    = note: all local variables must have a statically known size
[INFO] [stdout]    = help: unsized locals are gated as an unstable feature
[INFO] [stdout] 
[INFO] [stdout] 
[INFO] [stdout] error[E0277]: the size for values of type `str` cannot be known at compilation time
[INFO] [stdout]    --> examples/oracle_oci.rs:114:10
[INFO] [stdout]     |
[INFO] [stdout] 114 |     let (sql, args) = SelectShipCrewByRank {
[INFO] [stdout]     |          ^^^ doesn't have a size known at compile-time
[INFO] [stdout]     |
[INFO] [stdout]     = help: the trait `Sized` is not implemented for `str`
[INFO] [stdout]     = note: all local variables must have a statically known size
[INFO] [stdout]     = help: unsized locals are gated as an unstable feature
[INFO] [stdout] 
[INFO] [stdout] 
[INFO] [stdout] error[E0277]: the size for values of type `[&dyn ToSqlValue]` cannot be known at compilation time
[INFO] [stdout]    --> examples/oracle_oci.rs:114:15
[INFO] [stdout]     |
[INFO] [stdout] 114 |     let (sql, args) = SelectShipCrewByRank {
[INFO] [stdout]     |               ^^^^ doesn't have a size known at compile-time
[INFO] [stdout]     |
[INFO] [stdout]     = help: the trait `Sized` is not implemented for `[&dyn ToSqlValue]`
[INFO] [stdout]     = note: all local variables must have a statically known size
[INFO] [stdout]     = help: unsized locals are gated as an unstable feature
[INFO] [stdout] 
[INFO] [stdout] 
[INFO] [stdout] error[E0277]: the size for values of type `str` cannot be known at compilation time
[INFO] [stdout]    --> examples/oracle_oci.rs:127:10
[INFO] [stdout]     |
[INFO] [stdout] 127 |     let (sql, args) = SelectShipCrewByRank {
[INFO] [stdout]     |          ^^^ doesn't have a size known at compile-time
[INFO] [stdout]     |
[INFO] [stdout]     = help: the trait `Sized` is not implemented for `str`
[INFO] [stdout]     = note: all local variables must have a statically known size
[INFO] [stdout]     = help: unsized locals are gated as an unstable feature
[INFO] [stdout] 
[INFO] [stdout] 
[INFO] [stdout] error[E0277]: the size for values of type `[&dyn ToSqlValue]` cannot be known at compilation time
[INFO] [stdout]    --> examples/oracle_oci.rs:127:15
[INFO] [stdout]     |
[INFO] [stdout] 127 |     let (sql, args) = SelectShipCrewByRank {
[INFO] [stdout]     |               ^^^^ doesn't have a size known at compile-time
[INFO] [stdout]     |
[INFO] [stdout]     = help: the trait `Sized` is not implemented for `[&dyn ToSqlValue]`
[INFO] [stdout]     = note: all local variables must have a statically known size
[INFO] [stdout]     = help: unsized locals are gated as an unstable feature
[INFO] [stdout] 
[INFO] [stdout] 
[INFO] [stdout] error: aborting due to 21 previous errors; 2 warnings emitted
[INFO] [stdout] 
[INFO] [stdout] 
[INFO] [stdout] Some errors have detailed explanations: E0277, E0422, E0425.
[INFO] [stdout] 
[INFO] [stdout] For more information about an error, try `rustc --explain E0277`.
[INFO] [stdout] 
[INFO] [stdout] error: aborting due to 20 previous errors; 2 warnings emitted
[INFO] [stdout] 
[INFO] [stdout] 
[INFO] [stdout] Some errors have detailed explanations: E0277, E0422, E0425.
[INFO] [stdout] 
[INFO] [stdout] For more information about an error, try `rustc --explain E0277`.
[INFO] [stdout] 
[INFO] [stdout] error: aborting due to 20 previous errors; 2 warnings emitted
[INFO] [stdout] 
[INFO] [stdout] 
[INFO] [stdout] Some errors have detailed explanations: E0277, E0422, E0425.
[INFO] [stdout] 
[INFO] [stdout] For more information about an error, try `rustc --explain E0277`.
[INFO] [stdout] 
[INFO] [stderr] error: could not compile `include-sql`.
[INFO] [stderr] 
[INFO] [stderr] To learn more, run the command again with --verbose.
[INFO] [stderr] warning: build failed, waiting for other jobs to finish...
[INFO] [stdout] error[E0277]: the size for values of type `str` cannot be known at compilation time
[INFO] [stdout]   --> tests/include-sql.rs:80:10
[INFO] [stdout]    |
[INFO] [stdout] 80 |     let (sql, args) = SelectObjectsByType {
[INFO] [stdout]    |          ^^^ doesn't have a size known at compile-time
[INFO] [stdout]    |
[INFO] [stdout]    = help: the trait `Sized` is not implemented for `str`
[INFO] [stdout]    = note: all local variables must have a statically known size
[INFO] [stdout]    = help: unsized locals are gated as an unstable feature
[INFO] [stdout] 
[INFO] [stdout] 
[INFO] [stdout] error: aborting due to 15 previous errors; 1 warning emitted
[INFO] [stdout] 
[INFO] [stdout] 
[INFO] [stdout] error[E0277]: the size for values of type `str` cannot be known at compilation time
[INFO] [stdout]   --> examples/sqlite.rs:77:10
[INFO] [stdout]    |
[INFO] [stdout] 77 |     let (sql, args) = SelectShipCrewByRank {
[INFO] [stdout]    |          ^^^ doesn't have a size known at compile-time
[INFO] [stdout]    |
[INFO] [stdout]    = help: the trait `Sized` is not implemented for `str`
[INFO] [stdout]    = note: all local variables must have a statically known size
[INFO] [stdout]    = help: unsized locals are gated as an unstable feature
[INFO] [stdout] 
[INFO] [stdout] 
[INFO] [stdout] Some errors have detailed explanations: E0277, E0422, E0425.
[INFO] [stdout] 
[INFO] [stdout] For more information about an error, try `rustc --explain E0277`.
[INFO] [stdout] 
[INFO] [stdout] error[E0277]: the size for values of type `str` cannot be known at compilation time
[INFO] [stdout]   --> examples/sqlite.rs:99:10
[INFO] [stdout]    |
[INFO] [stdout] 99 |     let (sql, args) = SelectShipCrewByRank {
[INFO] [stdout]    |          ^^^ doesn't have a size known at compile-time
[INFO] [stdout]    |
[INFO] [stdout]    = help: the trait `Sized` is not implemented for `str`
[INFO] [stdout]    = note: all local variables must have a statically known size
[INFO] [stdout]    = help: unsized locals are gated as an unstable feature
[INFO] [stdout] 
[INFO] [stdout] 
[INFO] [stdout] error: aborting due to 17 previous errors; 2 warnings emitted
[INFO] [stdout] 
[INFO] [stdout] 
[INFO] [stdout] Some errors have detailed explanations: E0277, E0422, E0425.
[INFO] [stdout] 
[INFO] [stdout] For more information about an error, try `rustc --explain E0277`.
[INFO] [stdout] 
[INFO] [stderr] error: build failed
[INFO] running `Command { std: "docker" "inspect" "23b3d6bdcdbf9873f84893d7d6d37e52050c9e4943be3cadf57bb9626ecbb7c3", kill_on_drop: false }`
[INFO] running `Command { std: "docker" "rm" "-f" "23b3d6bdcdbf9873f84893d7d6d37e52050c9e4943be3cadf57bb9626ecbb7c3", kill_on_drop: false }`
[INFO] [stdout] 23b3d6bdcdbf9873f84893d7d6d37e52050c9e4943be3cadf57bb9626ecbb7c3
